u - 176 = 0, 0 = -4*a + 6*u - 8*u - 176. Let l(h) = 35*h + 1. Let s be l(-3). Let q = a - s. Calculate the greatest common divisor of q and 24.
12
Let f = 366 - 332. Calculate the highest common factor of f and 119.
17
Let v = -33 + 46. Calculate the greatest common factor of 169 and v.
13
Let d(p) = 3*p + 6. Let v be d(1). Let u be (-3)/(6/4)*(v + -24). Calculate the greatest common divisor of 20 and u.
10
Let n = 82 - 79. Suppose -50 = n*f - 74. Calculate the greatest common factor of 136 and f.
8
Suppose 0 = 3*l + 13 - 76. Calculate the greatest common divisor of l and 28.
7
Suppose 20 = -5*q + p + 4*p, -4*q = 3*p + 44. Let z be 79/2 - 4/q. Let o = -2 + z. What is the highest common divisor of 57 and o?
19
Suppose 4*c = -0*c. Suppose c = 2*a - 1 - 3. Suppose a*l - 10 - 12 = 0. What is the highest common divisor of l and 88?
11
Let w = 322 + -283. What is the greatest common factor of w and 104?
13
Suppose 6*w = 4*w + 4*s - 12, s = 0. Let j be 15/6 - w/(-12). Calculate the greatest common divisor of 14 and j.
2
Suppose 4*r - 11*r + 98 = 0. Let w be (3 - (-247)/(-3))*-3. Suppose 70 = -3*b + w. Calculate the highest common divisor of r and b.
14
Suppose 382*x - 332*x = 2600. What is the greatest common factor of x and 32?
4
Let w be (11 + 0)*1*13. Suppose -5*j + j + 52 = 0. What is the greatest common divisor of j and w?
13
Suppose -72 = 297*g - 298*g. Calculate the highest common factor of 48 and g.
24
Let z be 3 + 1970/42 + 6/63. What is the highest common factor of z and 30?
10
Let u be ((-8)/10)/(2/(-10)). Suppose -u*d + 375 = 19. Suppose -6*l + 377 = d. Calculate the highest common divisor of 16 and l.
16
Let z be (2*40/(-28))/((-4)/28). Calculate the highest common factor of 110 and z.
10
Suppose -w = -2*w - 2*p - 30, 0 = 4*p - 4. Let m = w + 39. Suppose m*q = 6*q + 11. Calculate the greatest common factor of q and 121.
11
Suppose 2*l + l - 3*g = -138, 2*g = -5*l - 244. Let t be l/(2 + -5)*1. What is the highest common divisor of t and 4?
4
Let p(k) = -5*k + 127. Let l be p(20). What is the greatest common factor of 36 and l?
9
Let j(s) = -14 + 6 - 18 - 14*s + s**2 - 4. Let z be j(16). What is the greatest common factor of z and 14?
2
Let y be (-9)/1*2/(-6). Let q be (-1)/y + 168/18. Suppose 0 = -5*r + 5*f + 340, -5*r + 2*f + 53 = -272. What is the greatest common divisor of r and q?
9
Suppose 48 - 132 = -7*t. Let p(k) = k**2 - 12*k + 9. Let l be p(t). What is the greatest common factor of l and 45?
9
Suppose o + 10 = 2*o. Suppose -h + 10 = h - 4*v, 3*v = h - 5. Suppose -2*a + 77 = f, h = -5*f - o. Calculate the greatest common divisor of a and 100.
20
Let u(z) = 8*z + 14. Let a be u(14). Calculate the highest common factor of a and 14.
14
Let s be ((-54)/(-30))/((-3)/(-1455)). What is the highest common factor of 194 and s?
97
Let i(r) = 33*r**2 - 3*r - 2. Let g be i(3). Calculate the greatest common factor of g and 44.
22
Let z = 74 + -2. Let x = 27 - 18. What is the greatest common factor of x and z?
9
Suppose 4*a - 56 = -3*a. Suppose -3*p + s - 2*s + 67 = 0, 2*s - a = 0. What is the greatest common factor of p and 63?
21
Let p be (-18)/(-5) + (-2)/(-5). Suppose 0*c - 2*c = -3*s - 32, p*c - 42 = -5*s. What is the highest common divisor of 65 and c?
13
Let k(p) = -p**2 + 32. Let h be k(-5). Suppose -l - 280 = -6*l. Calculate the highest common divisor of l and h.
7
Suppose -2*g = -h - 1130, 2*h - 7 - 1 = 0. What is the greatest common divisor of 162 and g?
81
Suppose 0 = 15*l - 10*l - 25. Suppose -4*x + x - 6 = 0, -2*t + 5*x = -80. What is the greatest common factor of l and t?
5
Let q = -71 + 77. Let j be 30/9*(-36)/(-10). Calculate the highest common divisor of q and j.
6
Let b be 2*(9/21 + (-978)/28). Let t = -49 - b. Calculate the greatest common divisor of t and 5.
5
Let n = 358 + 328. Calculate the highest common factor of n and 98.
98
Let c(q) = q - 8. Let u(v) = -2*v + 16. Let s(k) = -13*c(k) - 6*u(k). Let b be s(-5). Calculate the highest common divisor of b and 91.
13
Let u be 5*(24/15 - 2). Let h be 8/(-12)*(u - -5). Let l be 1*(h + 5 - -125). Calculate the highest common divisor of 16 and l.
16
Suppose -3*l = -42 - 75. Let t(u) = -57*u - 1. Let i be t(-1). Suppose -5*h + l = -i. Calculate the greatest common divisor of h and 38.
19
Let w = 529 - 309. Let s be 2/(4/(-2))*0. Suppose 0 = -4*d - 5*y + 60, s*y = 4*d + y - 76. What is the greatest common factor of w and d?
20
Let b = 48 + 57. Calculate the highest common divisor of b and 45.
15
Let g = -334 - -378. What is the greatest common factor of g and 220?
44
Suppose -3*m - 3*w + 39 = 0, -m - w + 6*w + 25 = 0. Suppose 95 = -4*k - 2*b - m, 170 = -5*k + 4*b. Let q = 5 - k. What is the highest common divisor of 5 and q?
5
Suppose 4*g - 73 = 3*n, -g + 103 = -5*n + g. Let m = n + 26. What is the greatest common divisor of m and 56?
7
Let g be 8/((-64)/(-40)) + -6 + 792. What is the highest common factor of 113 and g?
113
Let x(p) = -p**3 + 11*p**2 - p + 1. Let u be ((-3)/(-2))/(2/((-40)/(-3))). Let s be x(u). Calculate the greatest common factor of 26 and s.
13
Suppose 23*y - 350 = 13*y. Calculate the highest common factor of y and 15.
5
Let k(p) = 9*p**2 + 14*p - 40. Let j be k(6). What is the highest common divisor of 46 and j?
46
Let w(l) = -l**3 - 5*l - 3. Let s be w(-3). Suppose -5*z = -3*f - 54, -7*z = -2*z + 2*f - s. Suppose -5 = y - 6*y. What is the highest common factor of y and z?
1
Suppose -4*b - 3 = -3*b, -2*p - 237 = -3*b. Let j = -41 - p. Let q = j + 38. Calculate the greatest common factor of 30 and q.
30
Suppose 4*k + 1456 = -7*w + 11*w, 5*k - 388 = -w. Calculate the greatest common divisor of 32 and w.
16
Let w = 133 - 80. Suppose -3*i + 55 + w = 0. Calculate the highest common divisor of i and 9.
9
Suppose -24 = -0*r - 4*r. Suppose -3*n + 95 = 5*w, -5*n = -2*w - 2*w + 113. Suppose -8 = -5*u + w. Calculate the highest common divisor of r and u.
6
Suppose -5*z - 4*d + 240 = -z, 105 = 2*z - 3*d. What is the greatest common divisor of z and 38?
19
Let v(t) = -t**2 - 12*t + 8. Let a be v(-8). Let d = a + -28. What is the highest common factor of d and 84?
12
Suppose 4*k + 16 = -4*r, 3*r + 14 = -3*k - 2*k. Let p be k/(-2) - (27/(-2) + 2). Calculate the greatest common divisor of 12 and p.
12
Let w(b) = 7*b**2 + 5*b + 3. Let q be w(-6). Suppose p = -5 + q. Let z = -368 - -388. What is the greatest common divisor of z and p?
20
Let g(y) = y**3 + 5*y**2 + 5*y + 5. Let v be g(-3). What is the highest common divisor of v and 128?
8
Suppose -2*g = t + 6, 17 - 5 = 4*t - g. Suppose 8*n = t*n + 30. Calculate the greatest common divisor of 5 and n.
5
Suppose 3*n = -2*g - 0*n + 10, -2*g + n + 2 = 0. Suppose 0 = -6*v + g + 34. What is the highest common factor of v and 18?
6
Let m be -8*4*1/4. Let c(b) = -11*b + 22. Let i be c(m). What is the greatest common factor of 44 and i?
22
Let l(a) = -a**2 - 5*a + 2. Let c be l(-5). Suppose -b + 2*w = c*b - 683, -4*b - 2*w = -892. What is the highest common divisor of b and 25?
25
Let x = 7 - 11. Let a be (-1 + x)*(-13 + 4 + 1). Calculate the greatest common factor of 5 and a.
5
Suppose k + 4*g = 3*g - 14, 2*k + 34 = g. Let n be -68*(2 - (36/k)/(-1)). Calculate the highest common divisor of n and 51.
17
Let u(z) be the third derivative of 7*z**2 + 0 + 0*z - 41/24*z**4 - 1/6*z**3. Let v be u(-1). Calculate the greatest common divisor of v and 10.
10
Let z(p) be the third derivative of -p**5/60 - 3*p**4/8 + 4*p**3/3 - 14*p**2. Let c be z(-6). Calculate the highest common divisor of 52 and c.
26
Let a be 15 + -6 + 4 + 0. Suppose -a*q - 50 = -14*q. Calculate the highest common factor of 25 and q.
25
Let k = -57 - -87. Suppose 0*b - 5*n + k = b, -n + 33 = 2*b. Let i = 185 - 20. Calculate the highest common factor of i and b.
15
Let p(o) = 58*o**2 - 5*o + 1. Suppose -10*a + 14*a = 4. Let f be p(a). What is the highest common divisor of f and 6?
6
Let g(k) = 2*k**3 - 9*k**2 - 6*k + 4. Let p be g(5). Let o = 8 - p. What is the highest common divisor of o and 99?
9
Let i(w) = -3*w - 4. Let n be i(3). Let c = 21 + n. Calculate the greatest common divisor of c and 1.
1
Let i = 23 + 71. Calculate the highest common divisor of 94 and i.
94
Suppose -4*a = -2*k - 62, a + k - 19 = -2*k. Let r(t) = 4*t - 28. Let p be r(a). Calculate the greatest co